10).
-16
Let g(f) = -5*f**2 + 43*f - 28. Calculate g(8).
-4
Let v(b) = 3*b - 6. Calculate v(9).
21
Let a(i) = 12*i + 2. What is a(5)?
62
Let k(z) = -8*z**3 - 4*z**2 - 8*z - 3. Determine k(-2).
61
Let d(c) = -3*c**2 + c - 22. What is d(-5)?
-102
Let d(f) = 6*f - 32. Calculate d(5).
-2
Let r(m) = 2*m**2 - 13*m + 15. What is r(4)?
-5
Let l(z) = -4*z - 1. Calculate l(-3).
11
Let k(o) = -o**2 - 52*o - 102. Determine k(-50).
-2
Let y(q) = q**3 + 8*q**2 + 4*q + 6. Determine y(-8).
-26
Let b(y) = 4*y**2 - 5*y + 1. Give b(4).
45
Let n(w) = 2*w**2 - 6*w + 6. What is n(5)?
26
Let o(k) = -14*k + 50. Determine o(3).
8
Let q(x) = -2*x + 36. Determine q(7).
22
Let i(d) = 3*d**2 + 21*d + 3. Give i(-6).
-15
Let q(p) = -p**3 + p**2 + 2*p - 5. Give q(4).
-45
Let k(v) = v**3 - 11*v**2 - 13*v + 18. What is k(12)?
6
Let q(g) = -2*g**3 - g**2 + 2*g + 19. What is q(0)?
19
Let b(y) = y**3 - 9*y**2 - 10*y + 8. Give b(10).
8
Let i(l) = l**2 - 5*l - 3. What is i(8)?
21
Let c(r) = -r**2 + 3*r - 2. Determine c(0).
-2
Let y(z) = -z**3 - 7*z**2 - 10*z + 10. Calculate y(-5).
10
Let u(v) = -v**3 + 5*v**2 + v - 20. Determine u(4).
0
Let z(j) = j**2 - 12*j - 8. Calculate z(-4).
56
Let y(c) = 3*c**2 - 5*c + 10. Give y(4).
38
Let p(b) = 2*b**2 - 20*b - 6. Determine p(10).
-6
Let r(q) = -q**3 - 10*q**2 - 18*q - 17. Calculate r(-7).
-38
Let h(p) = -2*p**3 + p**2 - 1. What is h(2)?
-13
Let i(d) = -d**3 + 9*d**2 - 7*d - 9. Calculate i(8).
-1
Let s(q) = -q**3 - 12*q**2 - q - 17. Give s(-12).
-5
Let x(m) = -4*m - 155. Determine x(-40).
5
Let r(h) = 53*h - 1379. Give r(26).
-1
Let s(p) = p**3 + p**2 - 20*p + 5. Calculate s(-5).
5
Let z(h) = h**2 + 4*h - 4. Calculate z(-6).
8
Let u(b) = -b + 15. What is u(9)?
6
Let t(i) = 3*i + 20. What is t(6)?
38
Let r(a) = 10*a**3 + 2*a**2 + 2*a. Determine r(-1).
-10
Let p(m) = -5*m**3 + 11*m**2 + 18*m - 6. Determine p(-2).
42
Let g(k) = k**2 + 20*k + 105. Give g(-10).
5
Let g(i) = 2*i**3 + 15*i**2 - 4*i + 19. Determine g(-8).
-13
Let l(f) = -f**3 - 16*f**2 + 105*f - 24. Give l(-21).
-24
Let v(z) = -2*z**2 + 32*z - 1. Calculate v(16).
-1
Let b(z) = z**2 - 3. Determine b(-4).
13
Let t(b) = -b**2 + 11*b - 1. What is t(7)?
27
Let q(p) = -3*p + 11. What is q(0)?
11
Let b(o) = o**3 + 23*o**2 - 48*o + 61. What is b(-25)?
11
Let t(z) = z**3 - 33*z**2 - 34*z - 13. Give t(34).
-13
Let f(r) = -r**3 + 4*r**2 + 12*r - 2. Calculate f(6).
-2
Let b(w) = -w**3 + w**2 + 58*w - 13. What is b(8)?
3
Let h(n) = n**2 - 13*n + 25. What is h(11)?
3
Let w(q) = 2*q**2 + 24*q - 11. Calculate w(-12).
-11
Let b(s) = s**3 + 7*s**2 + 11*s + 79. What is b(-7)?
2
Let i(x) = x**2 - 116*x + 764. What is i(7)?
1
Let q(o) = 3*o - 49. Determine q(17).
2
Let d(g) = -g - 12. What is d(-6)?
-6
Let n(h) = 10*h**2 + h. What is n(-2)?
38
Let z(k) = -15*k - 1. Calculate z(1).
-16
Let r(v) = 5*v - 112. What is r(23)?
3
Let s(v) = -v**3 - 7*v**2 - 3*v - 16. Determine s(-7).
5
Let b(z) = 2*z - 7. Determine b(9).
11
Let q(b) = -b**2 - 5*b - 3. Calculate q(-8).
-27
Let o(f) = -30*f. Determine o(0).
0
Let i(u) = u**3 - 4*u**2 + 3*u + 1. Calculate i(4).
13
Let k(u) = -45*u - 11. Calculate k(-3).
124
Let q(h) = h**2 - 13*h + 18. Give q(12).
6
Let x(a) = 3*a**2 - 11*a + 5. Determine x(3).
-1
Let i(m) = -13*m - 3. Calculate i(2).
-29
Let c(j) = -j**3 - 4*j**2 - 4*j. Calculate c(-3).
3
Let n(x) = x**3 - 6*x**2 + x + 1. Calculate n(4).
-27
Let x(q) = q. Determine x(6).
6
Let q(r) = 7*r**2 - 2*r + 1. What is q(1)?
6
Let i(p) = -8*p**3 + 2*p**2 - p + 1. Determine i(2).
-57
Let i(p) = 4*p**3 + 2*p**2 - p + 1. Determine i(-2).
-21
Let i(k) = k**2 + 4*k - 1. Determine i(-4).
-1
Let a(o) = 3*o**3 + o**2. Give a(1).
4
Let b(v) = -2*v**3 - 2*v**2 - 2*v + 31. Give b(0).
31
Let d(n) = n**3 - 8*n**2 + 2*n - 11. What is d(8)?
5
Let s(l) = 69*l - 1. What is s(-2)?
-139
Let j(p) = -p**3 - 6*p**2 - 2*p - 3. What is j(-5)?
-18
Let a(h) = h**2 - 24*h - 59. Calculate a(19).
-154
Let d(l) = l**2 - 2*l + 3. Determine d(-5).
38
Let b(i) = -27*i - 16. Give b(-3).
65
Let u(f) = -f**3 + 14*f**2 - 45*f + 7. Give u(9).
7
Let r(l) = 6*l**2 - 4*l + 2. What is r(1)?
4
Let k(t) = 2*t + 37. What is k(0)?
37
Let i(v) = -35*v + 399. Give i(11).
14
Let l(u) = -3*u**2 + 3*u - 3. Give l(-3).
-39
Let u(j) = -j**3 + 7*j**2 - 7*j + 10. Calculate u(6).
4
Let x(w) = -7*w + 17. What is x(2)?
3
Let g(p) = p**3 + 51*p**2 + 99*p + 54. What is g(-49)?
5
Let m(b) = -b**3 - 2*b**2 + 12*b - 14. What is m(-5)?
1
Let u(d) = d**2 - 10*d + 5. Give u(14).
61
Let b(a) = -7*a. What is b(1)?
-7
Let j(r) = 2*r**3 - 20*r**2 - 20*r - 19. Calculate j(11).
3
Let f(b) = -b**3 - 7*b**2 - 8*b + 16. Determine f(-4).
0
Let i(p) = 8*p + 115. Calculate i(-18).
-29
Let q(r) = -8*r**3 - 2*r**2 + r. Give q(-2).
54
Let w(r) = 42*r - 270. What is w(6)?
-18
Let m(k) = 6*k**3 - k. Calculate m(-2).
-46
Let n(p) = -76*p + 304. Calculate n(4).
0
Let v(k) = -k - 5. Determine v(-5).
0
Let d(v) = 4*v**2 + 55*v + 8. Calculate d(-13).
-31
Let z(m) = 4*m + 23. Give z(-9).
-13
Let u(f) = f**2 + f. What is u(2)?
6
Let d(q) = q**3 - 7*q**2 + 8*q + 9. Determine d(6).
21
Let l(g) = -6*g + 51. Give l(9).
-3
Let z(h) = h**2 + 25*h + 82. What is z(-21)?
-2
Let u(k) = -k**3 + 31*k**2 + 64*k + 64. Calculate u(33).
-2
Let c(w) = 5*w - 4. Give c(2).
6
Let j(q) = q**2 - 10*q. Calculate j(7).
-21
Let h(o) = o**3 + 24*o**2 - 53*o - 61. Calculate h(-26).
-35
Let r(m) = -m**3 + 7*m**2 - 4*m + 36. Give r(7).
8
Let l(i) = -43*i**2 - i. Determine l(-1).
-42
Let z(p) = -6*p - 6. Give z(0).
-6
Let l(x) = -x**2 - 2*x - 71. What is l(0)?
-71
Let y(k) = -k**2 + 28*k - 49. What is y(26)?
3
Let u(i) = 3*i**3 + 2*i**2 + 3*i + 5. Calculate u(-2).
-17
Let l(r) = -7*r + 13. Give l(2).
-1
Let v(y) = -y**2 + 7*y. Give v(10).
-30
Let s(p) = -p**3 + 4*p**2 - 3*p - 8. What is s(6)?
-98
Let l(c) = -74*c - 11. What is l(-2)?
137
Let r(u) = 2*u + 46. Give r(0).
46
Let j(u) = u**3 + 6*u**2 - 7*u - 12. Determine j(-8).
-84
Let x(r) = 7*r - 53. Calculate x(8).
3
Let m(i) = -i**2 - i - 5. Calculate m(-3).
-11
Let t(k) = k**3 - 3*k**2 - 4*k. What is t(4)?
0
Let m(i) = -i**3 - 11*i**2 - 3*i - 15. Calculate m(-11).
18
Let o(l) = -l**3 + 15*l**2 + 16*l - 7. Determine o(16).
-7
Let u(t) = 4*t - 47. Calculate u(17).
21
Let b(r) = 2*r**3 - 11*r**2 - 7*r + 3. What is b(6)?
-3
Let u(y) = -7*y**3 + y**2 + y + 2. Calculate u(-1).
9
Let t(r) = 2*r + 88. What is t(-38)?
12
Let u(r) = -r**3 - 8*r**2 - 7*r. What is u(-3)?
-24
Let b(v) = 4*v**2 - 6*v - 8. Determine b(-3).
46
Let o(a) = -29*a - 304. Determine o(-11).
15
Let i(a) = a**2 + 9*a + 5. Calculate i(-8).
-3
Let h(j) = -j**2 + 9*j + 1. What is h(9)?
1
Let m(k) = -5*k - 10. Determine m(-6).
20
Let j(q) = -q**2 - 17*q - 12. What is j(-15)?
18
Let x(r) = -r**3 - 7*r**2 - 2*r. What is x(-5)?
-40
Let x(j) = -j**3 - 17*j**2 + 19*j + 8. Determine x(-18).
-10
Let f(z) = -z**3 + 18*z**2 + 23*z - 81. Calculate f(19).
-5
Let f(i) = -i**3 + 11*i**2 - 9*i - 10. What is f(10)?
0
Let g(l) = 2*l**3 - 8*l**2 + 6*l + 11. Determine g(5).
91
Let x(k) = k**2 - 38*k + 352. Give x(15).
7
Let q(v) = -19*v - 203. Calculate q(-10).
-13
Let f(x) = x**2 - 6*x + 4. Give f(4).
-4
Let j(n) = n**3 + 8*n**2 - 11*n - 3. Calculate j(-9).
15
Let p(r) = 13*r + 84. Determine p(-6).
6
Let h(u) = -u**3 + 12*u**2 - 2*u + 5. What is h(12)?
-19
Let i(m) = -m**2 + 20*m + 9. Calculate i(20).
9
Let y(k) = k**3 + 3*k**2 + 4. What is y(-5)?
-46
Let o(u) = 11*u + 504. What is o(-46)?
-2
Let w(c) = -c**2 - 38*c - 315. Determine w(-26).
-3
Let g(z) = -4*z + 17. Calculate g(4).
1
Let q(v) = 15*v + 436. What is q(-29)?
1
Let r(t) = -84*t - 430. What is r(-5)?
-10
Let b(t) = -t**3 - 3*t**2 + 7*t - 7. Give b(-5).
8
Let s(g) = 28*g - 1. Give s(1).
27
Let k(t) = -6*t**2 + 34*t - 33. Give k(1).
-5
Let o(x) = -2*x**2 - x + 10. What is o(-3)?
-5
Let d(s) = -s**2 - 23. Calculate d(0).
-23
Let v(f) = 5*f + 2. Calculate v(5).
27
Let m(i) = i**2 + 7*i - 2. Calculate m(-5).
-12
Let p(r) = -4*r - 9. Give p(-6).
15
Let s(r) = r**2 + 7*r + 11. Determine s(-11).
55
Let w(l) = -l**2 + 2*l + 7. Calculate w(4).
-1
Let d(j) = 52*j**2 - j + 2. What is d(1)?
53
Let d(g) = 20*g - 34. Determine d(7).
106
Let v(q) = q**2 - 11*q - 16. Determine v(12).
-4
Let i(l) = -14*l + 34. Give i(3).
-8
Let d(b) = b**2 + 2*b - 7. Calculate d(2).
1
Let f(i) = -i**3 + 6*i**2 - 6*